{"id":1534,"date":"2024-02-07T11:10:32","date_gmt":"2024-02-07T11:10:32","guid":{"rendered":"https:\/\/newsreader.codesupply.co\/gear\/?page_id=1534"},"modified":"2024-08-13T15:37:25","modified_gmt":"2024-08-13T15:37:25","slug":"terms-of-use","status":"publish","type":"page","link":"https:\/\/www.propertyobserver.pl\/index.php\/terms-of-use\/","title":{"rendered":"Reklama"},"content":{"rendered":"\n<h2 class=\"wp-block-heading\">W razie zainteresowania ofert\u0105 reklamow\u0105 zapraszamy do kontaktu poprzez redakcja@propertyobserver.pl<\/h2>\n\n\n\n<p>Informacje prasowe i propozycje temat\u00f3w redakcyjnych prosimy przesy\u0142a\u0107 na redakcja@propertyobserver.pl,<\/p>\n\n\n\n<p>Serdecznie zapraszamy do kontaktu.<\/p>\n\n\n\n<p><\/p>\n","protected":false},"excerpt":{"rendered":"W razie zainteresowania ofert\u0105 reklamow\u0105 zapraszamy do kontaktu poprzez redakcja@propertyobserver.pl Informacje prasowe i propozycje temat\u00f3w redakcyjnych prosimy przesy\u0142a\u0107&hellip;","protected":false},"author":1,"featured_media":0,"parent":0,"menu_order":0,"comment_status":"closed","ping_status":"closed","template":"","meta":{"csco_display_header_overlay":false,"csco_singular_sidebar":"","csco_page_header_type":"","csco_page_load_nextpost":"","csco_post_video_location":[],"csco_post_video_location_hash":"","csco_post_video_url":"","csco_post_video_bg_start_time":0,"csco_post_video_bg_end_time":0,"footnotes":""},"class_list":{"0":"post-1534","1":"page","2":"type-page","3":"status-publish","5":"cs-entry","6":"cs-video-wrap"},"_links":{"self":[{"href":"https:\/\/www.propertyobserver.pl\/index.php\/wp-json\/wp\/v2\/pages\/1534"}],"collection":[{"href":"https:\/\/www.propertyobserver.pl\/index.php\/wp-json\/wp\/v2\/pages"}],"about":[{"href":"https:\/\/www.propertyobserver.pl\/index.php\/wp-json\/wp\/v2\/types\/page"}],"author":[{"embeddable":true,"href":"https:\/\/www.propertyobserver.pl\/index.php\/wp-json\/wp\/v2\/users\/1"}],"replies":[{"embeddable":true,"href":"https:\/\/www.propertyobserver.pl\/index.php\/wp-json\/wp\/v2\/comments?post=1534"}],"version-history":[{"count":3,"href":"https:\/\/www.propertyobserver.pl\/index.php\/wp-json\/wp\/v2\/pages\/1534\/revisions"}],"predecessor-version":[{"id":2303,"href":"https:\/\/www.propertyobserver.pl\/index.php\/wp-json\/wp\/v2\/pages\/1534\/revisions\/2303"}],"wp:attachment":[{"href":"https:\/\/www.propertyobserver.pl\/index.php\/wp-json\/wp\/v2\/media?parent=1534"}],"curies":[{"name":"wp","href":"https:\/\/api.w.org\/{rel}","templated":true}]}}